the highest common factor of 18 and h?
18
Let v be (-67)/(-3) + (-26)/(-39). Suppose v = 3*s + 11. Let q be 0 + (s - (3 - 23)). Calculate the highest common divisor of q and 264.
24
Let l be (1/2 - 12/8) + -168. Let c = l - -286. Calculate the highest common factor of c and 13.
13
Suppose -132 = -39*n + 35*n. Suppose q - c = 8, -n = -4*q + 5*c - 2*c. What is the greatest common factor of q and 36?
9
Let h = -21 - -34. Let j(f) = -f + 77. Let b be j(12). Calculate the highest common divisor of h and b.
13
Let r(x) = -3*x - 2. Let v be r(-2). Suppose 4 = -v*y, f - 2*y = -1 + 7. Suppose 0 = -6*d + 2*d + 176. What is the highest common divisor of f and d?
4
Let b(u) = -u + 13. Suppose 0 + 40 = -5*y. Let w be b(y). Let h be (-2)/(-3) + 259/w. What is the greatest common divisor of h and 39?
13
Suppose -253 = 3*y + 4*s, -y - 2*y - 248 = -s. Let h = -51 - y. Calculate the highest common factor of h and 24.
8
Let z(t) = -39*t - 137. Let g be z(-13). Calculate the greatest common divisor of 30 and g.
10
Let w = 1 - 5. Let c be 210/w*120/(-25). Suppose 0 = 5*o - o - 4*f - c, -2*o = 4*f - 108. Calculate the highest common factor of 24 and o.
12
Let w be 4/(-20) - 1267/(-35). Calculate the greatest common divisor of w and 45.
9
Suppose -2*y + 118 = 5*n, 15*n - 13*n - y = 40. Let r(d) = -d**3 - 2*d**2 + 2. Let g be r(-3). What is the highest common divisor of g and n?
11
Let f(y) = -18*y + 216. Let b be f(7). What is the greatest common divisor of 36 and b?
18
Suppose 0*l - 3 = l - 5*c, c = -2*l + 5. Let d = 25 + l. Let h(s) = -s**2 - 5*s + 3. Let b be h(-5). Calculate the highest common factor of d and b.
3
Let n(t) = -t + 2. Let x be n(6). Let b = -35 + 34. Let p = b - x. Calculate the highest common factor of p and 6.
3
Let n = -14 + 22. Let t = -327 + 329. What is the highest common divisor of t and n?
2
Let v(d) = 5*d**2 - 11*d - 32. Let c be v(8). What is the greatest common divisor of c and 40?
40
Let x(u) = 4*u**2 - 7*u - 40. Let d be x(6). What is the highest common factor of 124 and d?
62
Let b be -4*(-2 + 1)/2. Suppose -u + 59 = 5*c + 8, 48 = u + b*c. What is the greatest common divisor of 115 and u?
23
Let f be ((-35)/14 - -3)*54. Let t(n) = -n**3 - 2*n**2 + 3*n - 6. Let d be t(-5). What is the greatest common factor of d and f?
27
Let r = -1615 - -2888. Calculate the greatest common factor of r and 67.
67
Let p(c) = 45*c - 665. Let z be p(15). Calculate the highest common factor of z and 135.
5
Suppose -3*p + 88 = p. Let w(a) = -a**3 - 2*a**2 + 10*a - 3. Let g be w(-5). Calculate the greatest common divisor of g and p.
22
Suppose -276 = -11*x + 4344. Calculate the highest common factor of x and 60.
60
Let v(u) = u**2 + 7*u - 80. Let d be v(-19). What is the greatest common divisor of 111 and d?
37
Let f = 74 + -74. Suppose 2*p = -4*c + 8*c - 18, -4*p + 20 = f. What is the highest common divisor of c and 14?
7
Suppose 0 = 6*g + 17*g - 2277. Calculate the greatest common factor of g and 33.
33
Suppose -2*o = -5*n - 33, -n - 2*n - 17 = -4*o. Let a = n + 12. Suppose -3*r + a = -2*r. What is the greatest common factor of r and 20?
5
Suppose 61*n - 70 = 3407. Calculate the greatest common divisor of 1824 and n.
57
Let u(r) = -204*r + 7. Let b be u(-3). Suppose 2*o - 840 = -4*m - 218, -4*m - o + b = 0. What is the highest common factor of 22 and m?
22
Suppose 7*q - 5 = 2*q. Let g(j) = 2*j**2 - q + 4*j + 4*j - 3*j**2 + 3*j**2. Let t be g(-8). What is the highest common divisor of 21 and t?
21
Suppose -5*t - 84 = -2*t. Let f = -16 - t. Calculate the highest common factor of f and 4.
4
Suppose -b = -3*y - 1, -5*y + 1 - 2 = -b. Suppose i - 6 + 3 = y. Suppose 182 = -i*m + 875. What is the greatest common divisor of m and 21?
21
Let y(j) = 5*j + 18. Let d be y(-3). Suppose -5*r + 0*r = -d*z - 124, -3*r - 3*z + 84 = 0. What is the highest common factor of 104 and r?
26
Let d be 216/((-54)/(-6)) + 0. Calculate the highest common divisor of d and 30.
6
Suppose 52*b + 52 = 53*b. Calculate the highest common factor of b and 36.
4
Let v(z) = -z**3 + 4*z**2 - 2*z + 13. Let a be v(4). Suppose 3*p + 14 = 2*f - p, -3*f + 5*p = -25. What is the greatest common factor of f and a?
5
Let g be 0*4*1/12. Let h be (-6 - (-4 - g)) + 3. Let m(f) = -f**3 - 3*f**2 + f - 3. Let o be m(-4). Calculate the highest common divisor of h and o.
1
Let b be 1/2 + 116/(-8). Let d be -2 + 0 + 6 - b. What is the greatest common factor of 144 and d?
18
Suppose -1 = -x + 4*r, 0 = 3*x - 4*r - 3. Let h be (-2)/((-1)/(-2 + x)). Let j be h/(-3) + 52/12. What is the highest common factor of j and 55?
5
Let h be 1914/48 - (-6)/48. Let t(a) = a**2 + 7*a. Let z be t(-7). Suppose z = -w + 5 - 0. Calculate the highest common factor of h and w.
5
Let f = 221 - 141. Let z(u) = u**2 + u - 8. Let p be z(8). Suppose -w + p = w. What is the highest common divisor of w and f?
16
Let k = 0 - 1. Let j be ((-10)/(-6) + k)*18. Let f(t) = 2*t**2 - 5*t - 28. Let a be f(8). What is the highest common divisor of j and a?
12
Let n = -1 + 3. Suppose c + 0*w - 90 = n*w, 360 = 4*c + 4*w. Let q(x) = x**3 - 6*x**2 + 8*x - 5. Let o be q(5). What is the greatest common factor of o and c?
10
Let u(g) = 10*g**2 + 11*g - 43. Let f be u(5). Calculate the greatest common factor of 1703 and f.
131
Suppose 3*d + 78 = 9*d. Suppose -393 = -4*u - d. Let c be (-2)/(-8) + 302/8. Calculate the greatest common factor of u and c.
19
Let t = -68 - -72. Suppose -t*g = -5*g + 22. What is the greatest common factor of g and 176?
22
Let i be (-30)/4*(1 - 122/6). What is the highest common factor of i and 5?
5
Let p be (-272)/12*(-1 - (-39)/(-6)). Let y = p + -86. Calculate the highest common factor of y and 21.
21
Suppose -4*n + 5*y = 21, 4*n - 2 + 8 = 2*y. What is the greatest common factor of 23 and n?
1
Let a be 2/(-14) + (-1221)/(-21). Suppose -a = -3*u - 2*j, u + 5*j = 2*u - 8. Let t = 35 - u. What is the greatest common divisor of 17 and t?
17
Suppose 4*t - 55 = -3*j + 2*t, 5*t - 44 = -2*j. Let f be 10 + -13*(-6 - 5). Calculate the greatest common factor of f and j.
17
Suppose q + 173 = 573. Suppose 13*j - 172 - q = 0. Calculate the greatest common divisor of j and 4.
4
Let d be 242/6 + 7/(21/2). Calculate the greatest common divisor of d and 2501.
41
Let x(i) = -16*i**3 + i**2 + 2*i + 1. Let m be x(-1). Let o = -4368 + 4392. What is the highest common factor of o and m?
8
Let w(r) = -r - 10. Let i be w(-12). Suppose 0 + 2 = -i*u. Let f be (-12)/(-6) + (162 - u). What is the highest common factor of 15 and f?
15
Let g = 107 - 27. Let s be (34 + (-1 - 1))*1. Calculate the greatest common factor of s and g.
16
Let b be 4/4 + (-2 - -2). Let o be (-104)/(-5) - -3 - b/(-5). What is the highest common divisor of 3 and o?
3
Let j be ((-30)/(-125))/3 + (-3650)/(-1250). Let k be -2 - 1*-3 - -1. Suppose -f - k = -26. Calculate the highest common factor of f and j.
3
Let x = 13 + -20. Let s = x - -20. Let g = 4 + s. Calculate the greatest common divisor of g and 68.
17
Let z be 3*11/(66/138). Calculate the highest common factor of z and 529.
23
Let v = -72 - -160. Let x(o) = 2*o - 13. Let k(g) = g**3 - 12*g**2 - 11*g - 14. Let m be k(13). Let c be x(m). What is the highest common factor of v and c?
11
Suppose -3*k + 297 = -0*u - 3*u, -k + 3*u = -89. What is the highest common factor of k and 260?
52
Let z = 37 + 96. Suppose -2*j + 23 = -3*n, -26*j - 7*n - 14 = -25*j. What is the greatest common divisor of z and j?
7
Suppose -4*w + 1436 - 448 = 4*g, w - 267 = -5*g. Calculate the highest common divisor of 220 and w.
22
Let d = -9 + 13. Suppose -c = c + 4*l + 14, -4*c + 4*l = -32. Suppose -n = 7*g - 2*g + 12, 0 = c*n - 2*g - 32. Calculate the greatest common factor of d and n.
4
Suppose 850*r - 846*r = 4992. What is the highest common divisor of r and 192?
96
Let d(u) = -13*u - 20. Let v be d(-2). What is the highest common factor of 4 and v?
2
Let c be (-8)/1 - (86 + -144). What is the highest common factor of c and 110?
10
Let j = 175 + -107. Let t be 2 + 12 + (-4 - -7). Calculate the highest common factor of t and j.
17
Suppose -j = -5*j + 20. Suppose j*k - 203 = -w, 0 = 4*w + 2 - 14. Calculate the highest common divisor of 8 and k.
8
Suppose 3*o - 404 = -203. What is the greatest common divisor of 67 and o?
67
Let m be (-4)/(-10) + -3*(-580)/